 + 203 = 0, -3*l - 3*o + 552 = 0. List the prime factors of l.
11, 17
Let v = 360 - 129. List the prime factors of (v/(-28))/(3/(-212)).
11, 53
Let z(o) = 21*o**2 - 7*o - 24. Let x = -43 - -40. What are the prime factors of z(x)?
2, 3, 31
Let u = -78 - -67. Let y(p) = -14*p**2 + 46*p + 30. Let w(h) = 5*h**2 - 15*h - 10. Let k(g) = -17*w(g) - 6*y(g). What are the prime factors of k(u)?
2, 5
Let t = 60591 - 41232. List the prime factors of t.
3, 239
Suppose -5*m + 39 = 29. Suppose 0 = -19*z - m*z + 7392. List the prime factors of z.
2, 11
Suppose 3*p + 6 = 3*d, -2*p + 3*d - 1 = 1. Let b be p/18 - 42/54. List the prime factors of 9/((-9)/(-94)) + b.
3, 31
Let v(n) = -61 + 5*n + 9*n**3 - 7*n**2 + 55 + 6*n. Let u be v(5). Suppose -4*a + u = 63. List the prime factors of a.
2, 3, 13
Suppose 5*d - 2*d = -426. Let x = -113 - d. Let t = x + 40. What are the prime factors of t?
3, 23
List the prime factors of 34/(-6)*32172*(-5)/20.
7, 17, 383
Let p = -145 + 145. Suppose -3*u - 10 = -2*a + 11, -2*u - 6 = p. List the prime factors of (-495)/20*(-64)/a.
2, 3, 11
Suppose -19551 = -17*j - 2*j. Let t = -619 + j. List the prime factors of t.
2, 5, 41
Let r = 68 - 62. Let x be -1*(r - 2)/(-2). Suppose -2*a - 3*s + 81 = x*s, -5*a + 4*s + 120 = 0. List the prime factors of a.
2, 7
Suppose 2*r = -3*v + 58571, 0 = 5*r + 26 - 16. What are the prime factors of v?
5, 11, 71
Suppose 0 = -75*j - 20*j - 10*j + 1528905. What are the prime factors of j?
14561
Let o = -78 - -222. Suppose -3*u = 9, 5*u - 3*u = -2*x + o. Suppose 32 - x = -w. What are the prime factors of w?
43
What are the prime factors of ((126748/(-5))/4)/(72/(-360))?
31687
Suppose -s = y - 3223 + 83, 0 = 4*y + 9*s - 12525. List the prime factors of y.
3, 1049
Let m(s) = 2*s. Let w(l) = 247*l - 78. Let y(f) = -13*m(f) + w(f). What are the prime factors of y(5)?
13, 79
Suppose 150 = 7*g - 5*g. What are the prime factors of (g/(-20))/(9/(-3984))?
2, 5, 83
Let u be -3*317*(-6 + 5). Let w = -247 + u. What are the prime factors of w?
2, 11
Suppose 5*i + 1666 = l, -5*i + 4994 - 1752 = 2*l. What are the prime factors of l?
2, 409
What are the prime factors of 45731/(((-135)/(-18))/(-15) + 3/2)?
7, 47, 139
Let w = -30954 - -46408. What are the prime factors of w?
2, 7727
Let t = 162606 - 69001. What are the prime factors of t?
5, 97, 193
Let b = 1471 + -1464. Let i(l) be the second derivative of 2*l**3/3 - 11*l**2/2 - l. List the prime factors of i(b).
17
Suppose n = -95*l + 92*l + 6472, 5*l + 20 = 0. List the prime factors of n.
2, 1621
Let c(m) = 9*m**3 + 5*m**2 - 3*m + 10. Let k be c(5). Let q = k + -537. What are the prime factors of q?
2, 3, 59
Suppose 82*x - 117*x + 127190 = 0. What are the prime factors of x?
2, 23, 79
Let w(d) = -2*d**3 - 17*d**2 - 8*d + 1. Let x be w(-8). Let o be 1*(-1 + 3)*x. Suppose o*c - 384 + 42 = 4*b, 324 = 2*c + 5*b. List the prime factors of c.
167
Suppose 52*r - 57*r = 3*b - 65434, 4*r + 28 = 0. List the prime factors of b.
139, 157
Suppose 41*j - 7*j = 0. Suppose j = 6*x - 620 - 862. What are the prime factors of x?
13, 19
Suppose 4*w - 3*n = 128, 2 = -w - 3*n + 34. Let x = w - 27. Suppose 0 = -o + 5*f + 54, -4*o + x*f - 2*f + 165 = 0. What are the prime factors of o?
3, 13
Suppose -235*r - 149*r = 85*r - 2153648. List the prime factors of r.
2, 7, 41
Suppose 0 = 2*u + 8, 6*b = 2*u + 131282 + 74238. List the prime factors of b.
2, 8563
Let x be (-3)/(-1)*7/7. Suppose -x*v - 3*h = -114, 4*v = 5*h - 0*h + 161. Suppose v*a - 264 = 31*a. What are the prime factors of a?
3, 11
Suppose 14*r + 4 = 12*r. Let c be 30 + (-6)/r - -3. What are the prime factors of 1/3 + 132/c?
2
Suppose 5*i = -0*i + 345. Let k = 80 - i. Suppose 9*b = k*b - 272. List the prime factors of b.
2, 17
Suppose -7*s - 19*s - 21*s = -298074. What are the prime factors of s?
2, 3, 7, 151
Let c(p) = 326*p**2 + 1275*p + 52. What are the prime factors of c(-19)?
3, 7, 61, 73
Suppose 0 = -60*b + 2771938 + 2389379 - 1337757. List the prime factors of b.
2, 3, 13, 19, 43
Let m(s) = -s**3 - 3*s**2 - 2*s - 1. Let i be m(-1). Let r(x) = -812*x - 6. What are the prime factors of r(i)?
2, 13, 31
Suppose 0 = 3*f, -8*n - 2488 = -12*n - 2*f. Suppose 1890 - n = s. What are the prime factors of s?
2, 317
Suppose 5*j = 4*c - 481, -5*c = 5*j - 237 - 308. Suppose -u + 3*y + 15 = -5, -4*u = 5*y + 5. Let b = c + u. List the prime factors of b.
7, 17
Suppose 2*d = -0*d - 0*d. Suppose d = -10*t + 14*t - 2780. What are the prime factors of t?
5, 139
Suppose 0 = -o + 3*c - 2, -3*o + 12 = 5*c - 24. Suppose -o*u - 85 = 41. Let f = -7 - u. List the prime factors of f.
11
Let d = 11 - 8. Let m(v) = v + 8. Let i be m(-5). Suppose 507 = i*q - 2*h, 5*q - d*h + h = 849. What are the prime factors of q?
3, 19
Let z(s) = 289 + 15148*s - 7569*s - 7489*s. List the prime factors of z(8).
1009
Let f(k) = 6 - 359*k**3 - 7 + 102*k**3. Let w be f(-1). Suppose -5*x - 420 = -5*r, -3*r + 3*x - 2*x = -w. What are the prime factors of r?
2, 43
Suppose 0 = 4*x - z - 18345, 12*x = 14*x - 3*z - 9175. Suppose 16*y = 27530 - x. List the prime factors of y.
2, 3, 239
Suppose -54958 - 345758 = -8*q - 10*q. What are the prime factors of q?
2, 11131
Let o(i) = 604*i + 1222. What are the prime factors of o(5)?
2, 3, 7, 101
Let i(d) = 1608*d + 11969. List the prime factors of i(19).
101, 421
Let g be (-6)/(-21) - 33/(-7). Suppose 3*z + 465 = g*b, -4*b + 42 + 330 = -z. List the prime factors of b.
3, 31
Suppose -270*a = -265*a - 10. Suppose 2*s + 134 - 1255 = -3*m, 2*s - a = 0. List the prime factors of m.
373
Suppose -4*f - 32572 = 5*r - 98892, -r + 2*f + 13250 = 0. List the prime factors of r.
2, 3, 5, 13, 17
Suppose 223*f = 306*f - 107485. List the prime factors of f.
5, 7, 37
List the prime factors of 407232/51 + 67/1139.
5, 1597
Suppose l - 7988 = -3*q, -664*l - 5*q = -659*l - 39890. What are the prime factors of l?
7, 17, 67
Suppose -33257 + 114329 = 2*a + 5*q, -q - 6 = 0. What are the prime factors of a?
3, 7, 1931
Suppose -3*m = 2*s + 8, -13*s + 11*s = -2*m - 12. What are the prime factors of 2 - (s + 0 + -44)?
2, 11
Let r(i) = i**2 - 3*i + 5. Let z be r(3). Suppose 5*m + 3*q = 994, 6*q - 10*q = -z*m + 973. What are the prime factors of m?
197
Let n be (3 - 252/91)*13. Let x be ((-47)/(-3))/((-2)/(-18)). Suppose -n*f = -x - 159. What are the prime factors of f?
2, 5
Suppose 0 = -5*p - 20, -3*v - 2*v + 2*p + 5798 = 0. Suppose t - 2*g - v = -4*t, -3*t + 710 = -5*g. Suppose -3*f + 244 = -t. What are the prime factors of f?
2, 79
Suppose -74*s + 249*s - 5193030 = -60*s. List the prime factors of s.
2, 3, 29, 127
Suppose -14 = 5*r + 6. Suppose -p + 10 = h, p + 2*h - 38 = -3*p. What are the prime factors of (-510)/r*6/p?
5, 17
Let y = -39 + 68. Suppose -y*d + 24*d = 0. Suppose 0 = 5*k - 5*i - 235, d*k - k - 5*i = -17. List the prime factors of k.
2, 3, 7
Suppose -4*p - p = -4*z + 76, 0 = -4*p + 3*z - 61. Let i = 242 + p. List the prime factors of i.
2, 113
Let r be (-48)/(-84) - (-8)/(-14). Suppose r = s - x - 89, 2*x - 473 = -5*s - 0*s. What are the prime factors of s?
3, 31
Let j(d) = d**3 - 21*d**2 + 17*d - 300. List the prime factors of j(32).
2, 3, 7, 137
Let s(p) = 333*p - 57*p + 413*p - 16 + 585*p - 363*p. What are the prime factors of s(1)?
5, 179
Let l be (-6)/(-5)*(10 + -75 - -10). Let v = 394 - l. What are the prime factors of v?
2, 5, 23
Let h = 1 - 0. Let d(x) = 412*x - 1953. Let p be d(5). Suppose h = l - p. List the prime factors of l.
2, 3
Suppose -10*t = 407 + 213. Let r = t - -66. Suppose -2*d + 198 = r*d. List the prime factors of d.
3, 11
Suppose -2*v - 161688 = -4*c, -15*v + 12*v = 24. List the prime factors of c.
2, 7, 2887
Let k = 42 + -50. List the prime factors of (-142)/5*25/10*k.
2, 71
Let k = -14457 - -27454. What are the prime factors of k?
41, 317
Suppose -26*z + 4774 = -14206. List the prime factors of z.
2, 5, 73
Suppose -12 + 42 = -3*p. Let z be (4/(-6))/(p/1725). Suppose -3*b = 2*d - z, 2*d + 2*b - 114 = -0*b. What are the prime factors of d?
2, 7
Let z(u) = -23*u + 54. Let a(r) = r - 1. Let y(c) = a(c) - z(c). List the prime factors of y(6).
89
Let t(y) = y**3 - 21*y**2 - 9. Let r be t(21). Let u(q) = q**3 + 9*q**2 - 9. Let i be u(r). List the prime factors of -2 + (-5 - i) + 1*103.
3, 5, 7
Let x be (-6)/11 - (15657/33 - 4). Let j = -